{"id":40,"date":"2019-11-11T12:38:14","date_gmt":"2019-11-11T11:38:14","guid":{"rendered":"https:\/\/kitaalthornbach.de\/?page_id=40"},"modified":"2021-01-12T12:31:15","modified_gmt":"2021-01-12T11:31:15","slug":"traeger","status":"publish","type":"page","link":"https:\/\/kitaalthornbach.de\/?page_id=40","title":{"rendered":"Pfarrer"},"content":{"rendered":"\r\n<p style=\"text-align: center;\"><strong>Vorwort des Pfarrers:<\/strong><\/p>\r\n<p style=\"text-align: center;\">Herzlich willkommen auf der Homepage der Kindertagesst\u00e4tte <em>Storchennest <\/em>in Althornbach!<\/p>\r\n<p style=\"text-align: center;\">\u00a0<\/p>\r\n<p style=\"text-align: center;\"><img loading=\"lazy\" decoding=\"async\" class=\"alignnone size-full wp-image-111\" src=\"https:\/\/kitaalthornbach.de\/wp-content\/uploads\/2020\/04\/Tr\u00e4ger.jpg\" alt=\"\" width=\"209\" height=\"242\" \/><\/p>\r\n<p>&nbsp;<\/p>\r\n<p style=\"text-align: center;\">Auf den Wiesen im Hornbachtal schreiten im Fr\u00fchling und Sommer die St\u00f6rche auf und ab. Sie segeln ruhig und gelassen \u00fcber die H\u00fcgel des Pf\u00e4lzerlandes und bauen ihre Nester, in denen sie den Nachwuchs br\u00fcten, h\u00fcten und gesch\u00fctzt von den Gefahren der Welt aufziehen.<\/p>\r\n<p style=\"text-align: center;\">\u00a0<\/p>\r\n<p style=\"text-align: center;\">Mit Bezug auf unsere Lebenswelt tr\u00e4gt unsere KiTa den Namen <em>Storchennest<\/em>, auch um darauf zu verweisen, dass wir den Kindern einen gesch\u00fctzten Lebensraum bieten m\u00f6chten, in dem Gottes Sch\u00f6pfung und ein christliches Miteinander gesch\u00e4tzt und mit Leben erf\u00fcllt werden. Wie in einem gut gepolsterten, gem\u00fctlichen Nest sollen sich die Kinder bei uns wohl f\u00fchlen.<\/p>\r\n<p style=\"text-align: center;\">\u00a0<\/p>\r\n<p style=\"text-align: center;\">Als evangelische Kita bem\u00fchen wir uns neben dem, was auch andere KiTas leisten, auch um die Vermittlung christlicher Werte und Einstellungen, die wir als gute Saat in die Welt tragen m\u00f6chten. Das zeigt sich in der Zusammenarbeit des ganzen Teams und in seinem Umgang mit den Kindern und ihren Verwandten. Wir wollen uns von der Liebe Jesu Christi leiten lassen und die Kinder zu einem Leben in Freiheit und Gottvertrauen anleiten. Wir wollen ein Gesp\u00fcr f\u00fcr den Wert eines jeden Menschen und f\u00fcr die Sch\u00f6nheit der Sch\u00f6pfung wecken. Wir wollen Umgangsformen ein\u00fcben, welche eine friedliche Gemeinschaft und eine solidarische Gesellschaft erm\u00f6glichen, in der R\u00fccksichtnahme, F\u00fcrsorge und Lebensfreude vorherrschen. Dabei steht der ganze Mensch in seiner Individualit\u00e4t und Einzigartigkeit, aber auch als soziales Wesen im Vordergrund.<\/p>\r\n<p style=\"text-align: center;\"><br \/>Unsere Kita ist nicht nur in der Gestaltung der Innenr\u00e4ume und Au\u00dfenanlagen, sowie der Lebens- und Arbeitsverh\u00e4ltnisse bem\u00fcht, diesem Anspruch gerecht zu werden. Unsere Mitarbeiter*innen, vom Pfarrer als Tr\u00e4gervertreter und Dienstherr, \u00fcber die Leiterin, die Erzieher*innen, Praktikant*innen bis hin zum K\u00fcchenpersonal, der Haushalts- und Reinigungskr\u00e4fte und dem Hausmeister, sind stets dabei, f\u00fcr die Kinder ein Umfeld zu schaffen, das ein fr\u00f6hliches und beh\u00fctetes Miteinander erm\u00f6glicht. Im Rahmen des Projektes Kita+QM der Evangelischen Kirche der Pfalz und des Diakonischen Werkes Pfalz hat sich das Team erfolgreich dem Prozess eines kontrollierten Qualit\u00e4tsmanagements verschrieben. Natur-Erlebniswochen, Sprachf\u00f6rderung, Franz\u00f6sisch im Vorschulalter, Vorschulf\u00f6rderung, Kindergottesdienste, Sport und Musik sind nur einige der Angebote, welche die Kinder nutzen k\u00f6nnen.<\/p>\r\n<p style=\"text-align: center;\"><br \/><br \/>Wir freuen uns, wenn ihre Kinder sich bei uns wohl f\u00fchlen wie in einem gem\u00fctlichen Nest und tun unser Bestes, dass es so bleiben wird! F\u00fcr Ihr Vertrauen danken wir Ihnen!<\/p>\r\n<p style=\"text-align: center;\">\u00a0<\/p>\r\n<p style=\"text-align: center;\">Gott segne unser gemeinsames Tun und vor allem die Kinder!<\/p>\r\n<p style=\"text-align: center;\">Ihr Pfarrer Daniel Seel<\/p>\r\n<p style=\"text-align: center;\">\u00a0<\/p>\r\n\r\n\r\n\r\n<p style=\"text-align: center;\">\u00a0<\/p>\r\n","protected":false},"excerpt":{"rendered":"<p>Vorwort des Pfarrers: Herzlich willkommen auf der Homepage der Kindertagesst\u00e4tte Storchennest in Althornbach! \u00a0 &nbsp; Auf den Wiesen im Hornbachtal schreiten im Fr\u00fchling und Sommer die St\u00f6rche auf und ab. Sie segeln ruhig und gelassen \u00fcber die H\u00fcgel des Pf\u00e4lzerlandes &hellip; <\/p>\n","protected":false},"author":2,"featured_media":0,"parent":31,"menu_order":0,"comment_status":"closed","ping_status":"closed","template":"","meta":{"footnotes":""},"class_list":["post-40","page","type-page","status-publish","hentry"],"_links":{"self":[{"href":"https:\/\/kitaalthornbach.de\/index.php?rest_route=\/wp\/v2\/pages\/40","targetHints":{"allow":["GET"]}}],"collection":[{"href":"https:\/\/kitaalthornbach.de\/index.php?rest_route=\/wp\/v2\/pages"}],"about":[{"href":"https:\/\/kitaalthornbach.de\/index.php?rest_route=\/wp\/v2\/types\/page"}],"author":[{"embeddable":true,"href":"https:\/\/kitaalthornbach.de\/index.php?rest_route=\/wp\/v2\/users\/2"}],"replies":[{"embeddable":true,"href":"https:\/\/kitaalthornbach.de\/index.php?rest_route=%2Fwp%2Fv2%2Fcomments&post=40"}],"version-history":[{"count":7,"href":"https:\/\/kitaalthornbach.de\/index.php?rest_route=\/wp\/v2\/pages\/40\/revisions"}],"predecessor-version":[{"id":744,"href":"https:\/\/kitaalthornbach.de\/index.php?rest_route=\/wp\/v2\/pages\/40\/revisions\/744"}],"up":[{"embeddable":true,"href":"https:\/\/kitaalthornbach.de\/index.php?rest_route=\/wp\/v2\/pages\/31"}],"wp:attachment":[{"href":"https:\/\/kitaalthornbach.de\/index.php?rest_route=%2Fwp%2Fv2%2Fmedia&parent=40"}],"curies":[{"name":"wp","href":"https:\/\/api.w.org\/{rel}","templated":true}]}}

<p style="text-align: center;"><strong>Vorwort des Pfarrers:</strong></p>
<p style="text-align: center;">Herzlich willkommen auf der Homepage der Kindertagesstätte <em>Storchennest </em>in Althornbach!</p>
<p style="text-align: center;"> </p>
<p style="text-align: center;"><img loading="lazy" decoding="async" class="alignnone size-full wp-image-111" src="https://kitaalthornbach.de/wp-content/uploads/2020/04/Träger.jpg" alt="" width="209" height="242" /></p>
<p>&nbsp;</p>
<p style="text-align: center;">Auf den Wiesen im Hornbachtal schreiten im Frühling und Sommer die Störche auf und ab. Sie segeln ruhig und gelassen über die Hügel des Pfälzerlandes und bauen ihre Nester, in denen sie den Nachwuchs brüten, hüten und geschützt von den Gefahren der Welt aufziehen.</p>
<p style="text-align: center;"> </p>
<p style="text-align: center;">Mit Bezug auf unsere Lebenswelt trägt unsere KiTa den Namen <em>Storchennest</em>, auch um darauf zu verweisen, dass wir den Kindern einen geschützten Lebensraum bieten möchten, in dem Gottes Schöpfung und ein christliches Miteinander geschätzt und mit Leben erfüllt werden. Wie in einem gut gepolsterten, gemütlichen Nest sollen sich die Kinder bei uns wohl fühlen.</p>
<p style="text-align: center;"> </p>
<p style="text-align: center;">Als evangelische Kita bemühen wir uns neben dem, was auch andere KiTas leisten, auch um die Vermittlung christlicher Werte und Einstellungen, die wir als gute Saat in die Welt tragen möchten. Das zeigt sich in der Zusammenarbeit des ganzen Teams und in seinem Umgang mit den Kindern und ihren Verwandten. Wir wollen uns von der Liebe Jesu Christi leiten lassen und die Kinder zu einem Leben in Freiheit und Gottvertrauen anleiten. Wir wollen ein Gespür für den Wert eines jeden Menschen und für die Schönheit der Schöpfung wecken. Wir wollen Umgangsformen einüben, welche eine friedliche Gemeinschaft und eine solidarische Gesellschaft ermöglichen, in der Rücksichtnahme, Fürsorge und Lebensfreude vorherrschen. Dabei steht der ganze Mensch in seiner Individualität und Einzigartigkeit, aber auch als soziales Wesen im Vordergrund.</p>
<p style="text-align: center;"><br />Unsere Kita ist nicht nur in der Gestaltung der Innenräume und Außenanlagen, sowie der Lebens- und Arbeitsverhältnisse bemüht, diesem Anspruch gerecht zu werden. Unsere Mitarbeiter*innen, vom Pfarrer als Trägervertreter und Dienstherr, über die Leiterin, die Erzieher*innen, Praktikant*innen bis hin zum Küchenpersonal, der Haushalts- und Reinigungskräfte und dem Hausmeister, sind stets dabei, für die Kinder ein Umfeld zu schaffen, das ein fröhliches und behütetes Miteinander ermöglicht. Im Rahmen des Projektes Kita+QM der Evangelischen Kirche der Pfalz und des Diakonischen Werkes Pfalz hat sich das Team erfolgreich dem Prozess eines kontrollierten Qualitätsmanagements verschrieben. Natur-Erlebniswochen, Sprachförderung, Französisch im Vorschulalter, Vorschulförderung, Kindergottesdienste, Sport und Musik sind nur einige der Angebote, welche die Kinder nutzen können.</p>
<p style="text-align: center;"><br /><br />Wir freuen uns, wenn ihre Kinder sich bei uns wohl fühlen wie in einem gemütlichen Nest und tun unser Bestes, dass es so bleiben wird! Für Ihr Vertrauen danken wir Ihnen!</p>
<p style="text-align: center;"> </p>
<p style="text-align: center;">Gott segne unser gemeinsames Tun und vor allem die Kinder!</p>
<p style="text-align: center;">Ihr Pfarrer Daniel Seel</p>
<p style="text-align: center;"> </p>



<p style="text-align: center;"> </p>

<p>Vorwort des Pfarrers: Herzlich willkommen auf der Homepage der Kindertagesstätte Storchennest in Althornbach!   &nbsp; Auf den Wiesen im Hornbachtal schreiten im Frühling und Sommer die Störche auf und ab. Sie segeln ruhig und gelassen über die Hügel des Pfälzerlandes &hellip; </p>
